{"id":1186,"date":"2020-02-21T17:55:53","date_gmt":"2020-02-21T20:55:53","guid":{"rendered":"https:\/\/sites.igc.ufmg.br\/posgeol\/?page_id=1186\/"},"modified":"2021-01-06T00:00:06","modified_gmt":"2021-01-06T03:00:06","slug":"disciplinas-obrigatorias-e-optativas","status":"publish","type":"page","link":"https:\/\/sites.igc.ufmg.br\/posgeol\/informacoes-academicas\/disciplinas-obrigatorias-e-optativas\/","title":{"rendered":"Disciplinas obrigat\u00f3rias e optativas"},"content":{"rendered":"<p><span style=\"line-height: 18pt; font-family: arial, helvetica, sans-serif; font-size: 12pt;\"><span style=\"color: #414042;\">O <strong><span style=\"color: #c90e0e;\">Programa de P\u00f3s-gradua\u00e7\u00e3o em Geologia (PPGEOL) da UFMG<\/span><\/strong>, em sua grade curricular, oferta, nos cursos de mestrado e doutorado, disciplinas obrigat\u00f3rias (OB) e optativas (OP), cuja carga hor\u00e1ria varia entre 15 (quinze) e 90 (noventa) horas. Atendendo \u00e0s Normas Gerais da P\u00f3s-gradua\u00e7\u00e3o da Universidade, cada disciplina possui um valor expresso em cr\u00e9ditos, observada a rela\u00e7\u00e3o de 1 (um) cr\u00e9dito por 15 (quinze) horas de aula. No Programa, a credita\u00e7\u00e3o m\u00ednima de uma disciplina \u00e9 de 1 (um) cr\u00e9dito e a m\u00e1xima de 6 (seis) cr\u00e9ditos.<\/span><\/span><\/p>\n<p><span style=\"line-height: 18pt; font-family: arial, helvetica, sans-serif; font-size: 12pt;\"><span style=\"color: #414042;\">As <strong><span style=\"color: #c90e0e;\">disciplinas obrigat\u00f3rias<\/span><\/strong> s\u00e3o ofertadas aos mestrandos e doutorandos regularmente matriculados na P\u00f3s-gradua\u00e7\u00e3o em Geologia da UFMG, sendo que algumas devem ser realizadas, obrigatoriamente, pelos estudantes detentores de bolsa de estudos da CAPES, CNPq e FAPEMIG, e opcionalmente pelos n\u00e3o bolsistas.<\/span><\/span><\/p>\n<p><span style=\"line-height: 18pt; font-family: arial, helvetica, sans-serif; font-size: 12pt;\"><span style=\"color: #414042;\">As <strong><span style=\"color: #c90e0e;\">disciplinas optativas<\/span><\/strong>, al\u00e9m de destinadas ao corpo discente do PPGEOL\/UFMG, tamb\u00e9m podem ser cursadas por estudantes de gradua\u00e7\u00e3o e p\u00f3s-gradua\u00e7\u00e3o da UFMG e pelo p\u00fablico externo \u00e0 Universidade. Ap\u00f3s efetiva\u00e7\u00e3o de matr\u00edcula dos discentes regulares, as disciplinas que possuem vagas e cujos docentes respons\u00e1veis por ministr\u00e1-las autorizem a oferta, s\u00e3o abertas para matr\u00edcula de interessados n\u00e3o vinculados ao Programa.<\/span><\/span><\/p>\n<p><span style=\"line-height: 18pt; font-family: arial, helvetica, sans-serif; font-size: 12pt;\"><span style=\"color: #414042;\">As disciplinas optativas s\u00e3o denominadas <strong><span style=\"color: #c90e0e;\">eletivas<\/span><\/strong> quando ofertadas para matr\u00edcula de estudantes de gradua\u00e7\u00e3o e p\u00f3s-gradua\u00e7\u00e3o de outros cursos da UFMG. Por sua vez, s\u00e3o chamadas de <strong><span style=\"color: #c90e0e;\">isoladas <\/span><\/strong>as disciplinas optativas ofertadas para matr\u00edcula de interessados que n\u00e3o possuem v\u00ednculo de aluno com a institui\u00e7\u00e3o, ou seja, ao p\u00fablico externo. <\/span><\/span><\/p>\n<p><span style=\"line-height: 18pt; font-family: arial, helvetica, sans-serif; font-size: 12pt;\"><span style=\"color: #414042;\">Na UFMG, conforme normas definidas pelo Conselho de Ensino, Pesquisa e Extens\u00e3o (Cepe) n\u00e3o existe a modalidade aluno ouvinte. Dessa forma, os interessados em cursar disciplinas na Universidade devem efetivar, nos setores respons\u00e1veis pela oferta de disciplina na gradua\u00e7\u00e3o e p\u00f3s-gradua\u00e7\u00e3o de cada unidade acad\u00eamica, a matr\u00edcula.<\/span><\/span><\/p>\n","protected":false},"excerpt":{"rendered":"<p>O Programa de P\u00f3s-gradua\u00e7\u00e3o em Geologia (PPGEOL) da UFMG, em sua grade curricular, oferta, nos cursos de mestrado e doutorado, disciplinas obrigat\u00f3rias (OB) e optativas (OP), cuja carga hor\u00e1ria varia entre 15 (quinze) e 90 (noventa) horas. Atendendo \u00e0s Normas Gerais da P\u00f3s-gradua\u00e7\u00e3o da Universidade, cada disciplina possui um valor expresso em cr\u00e9ditos, observada a [&hellip;]<\/p>\n","protected":false},"author":2,"featured_media":0,"parent":845,"menu_order":0,"comment_status":"closed","ping_status":"closed","template":"page-sanfona.php","meta":{"_acf_changed":false,"footnotes":""},"categories":[50],"class_list":["post-1186","page","type-page","status-publish","hentry","category-disciplinas-e-matricula"],"acf":[],"_links":{"self":[{"href":"https:\/\/sites.igc.ufmg.br\/posgeol\/wp-json\/wp\/v2\/pages\/1186","targetHints":{"allow":["GET"]}}],"collection":[{"href":"https:\/\/sites.igc.ufmg.br\/posgeol\/wp-json\/wp\/v2\/pages"}],"about":[{"href":"https:\/\/sites.igc.ufmg.br\/posgeol\/wp-json\/wp\/v2\/types\/page"}],"author":[{"embeddable":true,"href":"https:\/\/sites.igc.ufmg.br\/posgeol\/wp-json\/wp\/v2\/users\/2"}],"replies":[{"embeddable":true,"href":"https:\/\/sites.igc.ufmg.br\/posgeol\/wp-json\/wp\/v2\/comments?post=1186"}],"version-history":[{"count":15,"href":"https:\/\/sites.igc.ufmg.br\/posgeol\/wp-json\/wp\/v2\/pages\/1186\/revisions"}],"predecessor-version":[{"id":2510,"href":"https:\/\/sites.igc.ufmg.br\/posgeol\/wp-json\/wp\/v2\/pages\/1186\/revisions\/2510"}],"up":[{"embeddable":true,"href":"https:\/\/sites.igc.ufmg.br\/posgeol\/wp-json\/wp\/v2\/pages\/845"}],"wp:attachment":[{"href":"https:\/\/sites.igc.ufmg.br\/posgeol\/wp-json\/wp\/v2\/media?parent=1186"}],"wp:term":[{"taxonomy":"category","embeddable":true,"href":"https:\/\/sites.igc.ufmg.br\/posgeol\/wp-json\/wp\/v2\/categories?post=1186"}],"curies":[{"name":"wp","href":"https:\/\/api.w.org\/{rel}","templated":true}]}}