{"id":739,"date":"2018-04-03T10:06:27","date_gmt":"2018-04-03T13:06:27","guid":{"rendered":"https:\/\/sites.igc.ufmg.br\/geologia\/?page_id=739\/"},"modified":"2021-01-06T00:13:21","modified_gmt":"2021-01-06T03:13:21","slug":"estrutura-curricular","status":"publish","type":"page","link":"https:\/\/sites.igc.ufmg.br\/posgeol\/cursos\/estrutura-curricular\/","title":{"rendered":"Estrutura curricular"},"content":{"rendered":"<p><span style=\"line-height: 18pt; font-family: arial, helvetica, sans-serif; font-size: 12pt;\"><span style=\"color: #414042;\">A estrutura curricular do <strong><span style=\"color: #c90e0e;\">Programa de P\u00f3s-gradua\u00e7\u00e3o em Geologia (PPGEOL) da UFMG<\/span><\/strong>, que \u00e9 a mesma para os cursos de Mestrado e Doutorado, \u00e9 formada pelas \u00e1reas de concentra\u00e7\u00e3o Geologia Regional e Geologia Econ\u00f4mica e Aplicada, suas respectivas linhas de pesquisa e por disciplinas obrigat\u00f3rias e optativas.&nbsp;<\/span><\/span><\/p>\n<p><span style=\"font-size: 12pt;\"><span style=\"line-height: 18pt; font-family: arial, helvetica, sans-serif;\"><span style=\"color: #414042;\">Atualmente, \u00e1rea de concentra\u00e7\u00e3o <strong><span style=\"color: #c90e0e;\">Geologia Regional<\/span><\/strong> re\u00fane 7 (sete) linhas de pesquisa e a \u00e1rea de concentra\u00e7\u00e3o <strong><span style=\"color: #c90e0e;\">Geologia Econ\u00f4mica e Aplicada<\/span><\/strong> agrega 9 (nove) linhas. <\/span><\/span><span style=\"color: #414042;\"><span style=\"line-height: 19pt; font-family: arial, helvetica, sans-serif;\">Entrela\u00e7adas aos objetivos, \u00e0 infraestrutura laboratorial e \u00e0 forma\u00e7\u00e3o do corpo docente e discente do PPGEOL\/UFMG, as \u00e1reas de concentra\u00e7\u00e3o e suas linhas de pesquisa respondem a uma voca\u00e7\u00e3o regional do Estado de Minas Gerais, que possui forte tradi\u00e7\u00e3o mineradora, atendendo, por exemplo, toda cadeia geradora de novos dep\u00f3sitos, os desdobramentos econ\u00f4micos envolvidos caso venham a se tornar minas, al\u00e9m das mitiga\u00e7\u00f5es dos impactos ambientais, manejo dos recursos h\u00eddricos, entre outros. <span style=\"color: #c90e0e;\"><strong><span style=\"color: #5e5c5c;\">Saiba mais sobre as \u00e1reas de concentra\u00e7\u00e3o e linhas de pesquisa<\/span><\/strong> <strong><a style=\"color: #c90e0e;\" href=\"https:\/\/sites.igc.ufmg.br\/posgeol\/areas-de-concentracao\/\" target=\"_blank\" rel=\"noopener noreferrer\">AQUI<\/a><\/strong><\/span>.<\/span><\/span><\/span><\/p>\n<p><span style=\"line-height: 18pt; font-family: arial, helvetica, sans-serif; font-size: 12pt;\"><span style=\"color: #414042;\">A grade curricular dos cursos \u00e9 composta por disciplinas <strong><span style=\"color: #c90e0e;\">obrigat\u00f3rias<\/span><\/strong> e <strong><span style=\"color: #c90e0e;\">optativas<\/span><\/strong>, cujos cr\u00e9ditos \u2013 que correspondem a 15 (quinze) horas cada \u2013 variam de 1 (um) a 6 (seis) e a carga hor\u00e1ria de 15 (quinze) a 90 (noventa) horas. De acordo com o Regulamento do PPGEOL\/UFMG, os mestrandos e doutorandos devem cumprir 18 cr\u00e9ditos, no m\u00ednimo, como um dos pr\u00e9-requisitos para integraliza\u00e7\u00e3o dos cursos ofertados pela P\u00f3s-gradua\u00e7\u00e3o em Geologia da UFMG.<\/span><\/span><\/p>\n<p><img loading=\"lazy\" decoding=\"async\" class=\"wp-image-2338 size-large alignnone\" src=\"https:\/\/sites.igc.ufmg.br\/posgeol\/wp-content\/uploads\/2020\/10\/estrutura-curricular-final-cortada-619x1024.png\" alt=\"\" width=\"619\" height=\"1024\" srcset=\"https:\/\/sites.igc.ufmg.br\/posgeol\/wp-content\/uploads\/2020\/10\/estrutura-curricular-final-cortada-619x1024.png 619w, https:\/\/sites.igc.ufmg.br\/posgeol\/wp-content\/uploads\/2020\/10\/estrutura-curricular-final-cortada-181x300.png 181w, https:\/\/sites.igc.ufmg.br\/posgeol\/wp-content\/uploads\/2020\/10\/estrutura-curricular-final-cortada-768x1271.png 768w, https:\/\/sites.igc.ufmg.br\/posgeol\/wp-content\/uploads\/2020\/10\/estrutura-curricular-final-cortada-928x1536.png 928w, https:\/\/sites.igc.ufmg.br\/posgeol\/wp-content\/uploads\/2020\/10\/estrutura-curricular-final-cortada-1238x2048.png 1238w, https:\/\/sites.igc.ufmg.br\/posgeol\/wp-content\/uploads\/2020\/10\/estrutura-curricular-final-cortada.png 1744w\" sizes=\"auto, (max-width: 619px) 100vw, 619px\" \/><\/p>\n<p><span style=\"line-height: 18pt; font-family: arial, helvetica, sans-serif; font-size: 12pt;\"><span style=\"color: #414042;\">No <strong><span style=\"color: #c90e0e;\">Mestrado<\/span><\/strong>, todos os discentes devem cursar a disciplina \u201cEstudos Supervisionados\u201d e os mestrandos detentores de bolsas de estudos da CAPES, CNPq ou FAPEMIG obrigatoriamente a disciplina \u201cEst\u00e1gio Docente Supervisionado I\u201d, que \u00e9 opcional para os alunos que n\u00e3o possuem bolsas de estudos.<\/span><\/span><\/p>\n<p><span style=\"line-height: 18pt; font-family: arial, helvetica, sans-serif; font-size: 12pt;\"><span style=\"color: #414042;\">Os estudantes matriculados no <strong><span style=\"color: #c90e0e;\">Doutorado<\/span><\/strong>, por sua vez, devem cursar as disciplinas obrigat\u00f3rias \u201cSemin\u00e1rios de Pesquisa I\u201d e \u201cSemin\u00e1rios de Pesquisa II\u201d. Os bolsistas CAPES, CNPq ou FAPEMIG obrigatoriamente as disciplinas \u201cEst\u00e1gio Docente Supervisionado I\u201d e \u201cEst\u00e1gio Docente Supervisionado II\u201d, que s\u00e3o opcionais para os n\u00e3o detentores de bolsas de estudos. De acordo com o Regulamento do Programa, os doutorandos, para integraliza\u00e7\u00e3o do curso, tamb\u00e9m devem submeter-se, respeitando-se o limite m\u00e1ximo de 36 meses ap\u00f3s o ingresso, \u00e0 banca de Exame de Qualifica\u00e7\u00e3o, em que se evidenciem a amplitude e a profundidade de seus conhecimentos, bem como sua capacidade cr\u00edtica.<\/span><\/span><\/p>\n<p><span style=\"line-height: 18pt; font-family: arial, helvetica, sans-serif; font-size: 12pt;\"><span style=\"color: #414042;\">Os alunos matriculados nas disciplinas \u201cEstudos Supervisionados\u201d, \u201cSemin\u00e1rios de Pesquisa I\u201d e \u201cSemin\u00e1rios de Pesquisa II\u201d apresentam, desde 2018, na <strong><span style=\"color: #c90e0e;\">Semana da P\u00f3s-gradua\u00e7\u00e3o em Geologia da UFMG<\/span><\/strong>, as pesquisas que desenvolvem nos cursos de Mestrado e Doutorado. <strong><span style=\"color: #5e5c5c;\">Mais informa\u00e7\u00f5es sobre o evento, que \u00e9 uma iniciativa de extens\u00e3o do Programa, podem ser conferidas <\/span><span style=\"text-decoration: underline;\"><span style=\"color: #c90e0e;\"><a style=\"color: #c90e0e; text-decoration: underline;\" href=\"https:\/\/tiagoanovo.wixsite.com\/iisemanaposgeologia\" target=\"_blank\" rel=\"noopener noreferrer\">AQUI<\/a><\/span><\/span><\/strong>.<\/span><\/span><\/p>\n<p><span style=\"line-height: 18pt; font-family: arial, helvetica, sans-serif; font-size: 12pt;\"><span style=\"color: #414042;\">As disciplinas<strong><span style=\"color: #c90e0e;\"> optativas<\/span><\/strong>, de conte\u00fado n\u00e3o vari\u00e1vel, que comp\u00f5em a estrutura curricular dos cursos de Mestrado e Doutorado s\u00e3o: \u201cAn\u00e1lise Estrutural\u201d, \u201cGeotect\u00f4nica\u201d, \u201cAn\u00e1lise de Bacias e Dep\u00f3sitos Minerais Sedimentares\u201d, \u201cMetalog\u00eanese do Ferro\u201d, \u201cGemologia\u201d, \u201cHidrogeoqu\u00edmica\u201d, \u201cGeologia e Gemologia do Diamante\u201d, \u201cRochas e Minerais Industriais\u201d e \u201cDep\u00f3sitos Minerais, Hidrotermais e Metam\u00f3rficos\u201d. De conte\u00fado vari\u00e1vel, a estrutura curricular tamb\u00e9m \u00e9 composta pelas disciplinas \u201cT\u00f3picos Especiais I a VI\u201d. <strong><span style=\"color: #5e5c5c;\">Mais informa\u00e7\u00f5es sobre as disciplinas <\/span><span style=\"color: #c90e0e;\"><a style=\"color: #c90e0e;\" href=\"https:\/\/sites.igc.ufmg.br\/posgeol\/disciplinas\/\" target=\"_blank\" rel=\"noopener noreferrer\">AQUI<\/a><\/span><\/strong>.<\/span><\/span><\/p>\n<p><span style=\"line-height: 18pt; font-family: arial, helvetica, sans-serif; font-size: 12pt;\"><span style=\"color: #414042;\">Al\u00e9m das disciplinas obrigat\u00f3rias e optativas, os alunos podem integralizar cr\u00e9ditos, de acordo com o Regulamento do Programa e com as Normas Gerais da P\u00f3s-gradua\u00e7\u00e3o da UFMG, por meio de <strong><span style=\"color: #c90e0e;\">disciplinas eletivas<\/span><\/strong> (m\u00e1ximo de 06 cr\u00e9ditos), que participaram em outros cursos de P\u00f3s-gradua\u00e7\u00e3o da pr\u00f3pria Universidade, e <strong><span style=\"color: #c90e0e;\">isoladas<\/span><\/strong> (m\u00e1ximo de 12 cr\u00e9ditos), que cursaram em outras institui\u00e7\u00f5es de ensino superior (IES) ou no Programa, antes de ingressarem como discentes. Em ambos os casos, a integraliza\u00e7\u00e3o dos cr\u00e9ditos somente \u00e9 efetivada no sistema acad\u00eamico da UFMG ap\u00f3s aprova\u00e7\u00e3o do Colegiado do Programa.<\/span><\/span><\/p>\n<p><span style=\"line-height: 18pt; font-family: arial, helvetica, sans-serif; font-size: 12pt;\"><span style=\"color: #414042;\">O \u00faltimo item para integraliza\u00e7\u00e3o e conclus\u00e3o do curso refere-se \u00e0 <strong><span style=\"color: #c90e0e;\">produ\u00e7\u00e3o acad\u00eamica<\/span><\/strong>. Conforme Regulamento do PPGEOL\/UFMG, para que ocorra a defesa de <strong><span style=\"color: #c90e0e;\">disserta\u00e7\u00e3o<\/span><\/strong>, o mestrando deve comprovar, no m\u00ednimo, c\u00f3pia de artigo de sua autoria <strong><span style=\"color: #c90e0e;\">submetido<\/span><\/strong> &#8211; como 1\u00ba autor e com a respectiva carta ou e-mail da editoria comprovando a submiss\u00e3o -, a peri\u00f3dico classificado no estrato B2 ou superior (B1, A2, A1) do Qualis CAPES. O doutorando, por sua vez, para submeter-se \u00e0 defesa de <span style=\"color: #c90e0e;\"><strong>tese<\/strong><\/span>, deve apresentar, no m\u00ednimo, c\u00f3pia de um artigo de sua autoria <strong><span style=\"color: #c90e0e;\">publicado<\/span><\/strong> (como 1\u00ba autor) em peri\u00f3dico classificado no estrato B2 ou superior (B1, A2, A1) do Qualis CAPES e c\u00f3pia de outro artigo de sua autoria <span style=\"color: #c90e0e;\"><strong>submetido<\/strong><\/span> &#8211; como 1\u00ba autor e com a respectiva carta ou e-mail assinado da editoria comprovando a submiss\u00e3o -, a peri\u00f3dico classificado no estrato B1 ou superior (A2, A1) do Qualis CAPES.<\/span><\/span><\/p>\n\n\n<p><\/p>\n","protected":false},"excerpt":{"rendered":"<p>A estrutura curricular do Programa de P\u00f3s-gradua\u00e7\u00e3o em Geologia (PPGEOL) da UFMG, que \u00e9 a mesma para os cursos de Mestrado e Doutorado, \u00e9 formada pelas \u00e1reas de concentra\u00e7\u00e3o Geologia Regional e Geologia Econ\u00f4mica e Aplicada, suas respectivas linhas de pesquisa e por disciplinas obrigat\u00f3rias e optativas.&nbsp; Atualmente, \u00e1rea de concentra\u00e7\u00e3o Geologia Regional re\u00fane 7 [&hellip;]<\/p>\n","protected":false},"author":1,"featured_media":0,"parent":841,"menu_order":0,"comment_status":"closed","ping_status":"closed","template":"","meta":{"_acf_changed":false,"footnotes":""},"categories":[],"class_list":["post-739","page","type-page","status-publish","hentry"],"acf":[],"_links":{"self":[{"href":"https:\/\/sites.igc.ufmg.br\/posgeol\/wp-json\/wp\/v2\/pages\/739","targetHints":{"allow":["GET"]}}],"collection":[{"href":"https:\/\/sites.igc.ufmg.br\/posgeol\/wp-json\/wp\/v2\/pages"}],"about":[{"href":"https:\/\/sites.igc.ufmg.br\/posgeol\/wp-json\/wp\/v2\/types\/page"}],"author":[{"embeddable":true,"href":"https:\/\/sites.igc.ufmg.br\/posgeol\/wp-json\/wp\/v2\/users\/1"}],"replies":[{"embeddable":true,"href":"https:\/\/sites.igc.ufmg.br\/posgeol\/wp-json\/wp\/v2\/comments?post=739"}],"version-history":[{"count":61,"href":"https:\/\/sites.igc.ufmg.br\/posgeol\/wp-json\/wp\/v2\/pages\/739\/revisions"}],"predecessor-version":[{"id":2492,"href":"https:\/\/sites.igc.ufmg.br\/posgeol\/wp-json\/wp\/v2\/pages\/739\/revisions\/2492"}],"up":[{"embeddable":true,"href":"https:\/\/sites.igc.ufmg.br\/posgeol\/wp-json\/wp\/v2\/pages\/841"}],"wp:attachment":[{"href":"https:\/\/sites.igc.ufmg.br\/posgeol\/wp-json\/wp\/v2\/media?parent=739"}],"wp:term":[{"taxonomy":"category","embeddable":true,"href":"https:\/\/sites.igc.ufmg.br\/posgeol\/wp-json\/wp\/v2\/categories?post=739"}],"curies":[{"name":"wp","href":"https:\/\/api.w.org\/{rel}","templated":true}]}}